37751 a prime number?
False
Is 85747947 a prime number?
False
Is 71871091 a prime number?
False
Is 2294681 prime?
False
Is 53507329 a prime number?
True
Is 1985849 prime?
True
Is 1055353 composite?
True
Is 52713083 a prime number?
False
Is 1985281 composite?
True
Is 2480701 a composite number?
True
Is 670165 prime?
False
Is 435872497 a prime number?
True
Is 4094879 prime?
True
Is 1442861 prime?
False
Is 6133891 composite?
False
Is 321665053 prime?
True
Is 27046501 prime?
True
Is 157143599 prime?
True
Is 38654659 a prime number?
False
Is 13812286 prime?
False
Is 22419739 a prime number?
True
Is 88285042 prime?
False
Is 71507 composite?
True
Is 214121 prime?
False
Is 118315 prime?
False
Is 52798913 a composite number?
True
Is 15873199 a composite number?
False
Is 287273 a prime number?
False
Is 131192881 prime?
True
Is 22384181 prime?
False
Is 21317973 a prime number?
False
Is 5839273 composite?
True
Is 55813991 a composite number?
True
Is 36734779 a prime number?
False
Is 1238291 a composite number?
False
Is 6358299 a prime number?
False
Is 253519661 a composite number?
False
Is 34402337 composite?
False
Is 18545357 composite?
True
Is 388440133 a composite number?
False
Is 6719789 prime?
True
Is 7416559 composite?
False
Is 32397373 a prime number?
True
Is 253611223 a prime number?
True
Is 308776547 prime?
True
Is 1353581 a composite number?
False
Is 2753962 a composite number?
True
Is 3728653 composite?
True
Is 772349 a prime number?
True
Is 859913 a prime number?
True
Is 29621219 prime?
True
Is 147131 a composite number?
True
Is 13369997 prime?
False
Is 7586623 composite?
True
Is 19528991 composite?
False
Is 76927699 a composite number?
True
Is 6044347 a composite number?
False
Is 33388777 a composite number?
True
Is 2154389 composite?
False
Is 48383 prime?
True
Is 266784631 a composite number?
False
Is 298487 a composite number?
True
Is 34276885 a composite number?
True
Is 90808337 prime?
True
Is 5049677 prime?
True
Is 68868577 a prime number?
False
Is 34902287 a composite number?
True
Is 1676391083 a prime number?
True
Is 30997277 a prime number?
True
Is 42061099 composite?
True
Is 6034393 a composite number?
False
Is 1046765 a composite number?
True
Is 84117797 prime?
True
Is 416079817 prime?
False
Is 83742454 a prime number?
False
Is 1143501 a prime number?
False
Is 503339 composite?
False
Is 1722511 composite?
True
Is 2183433419 a composite number?
False
Is 3637537 a composite number?
True
Is 218523923 prime?
True
Is 110566759 composite?
True
Is 107060671 prime?
True
Is 816001 prime?
False
Is 29711879 composite?
False
Is 50112473 a composite number?
False
Is 1467373 a prime number?
False
Is 2532559 a prime number?
True
Is 130927493 a composite number?
True
Is 19378417 prime?
False
Is 30152749 composite?
True
Is 12832363 prime?
False
Is 167858051 a composite number?
True
Is 25516021 prime?
False
Is 196019 composite?
True
Is 106188379 a prime number?
False
Is 65533111 prime?
False
Is 139655687 prime?
True
Is 1495991 a prime number?
False
Is 139163 prime?
False
Is 3030173 a composite number?
True
Is 335260423 a prime number?
True
Is 4077665 prime?
False
Is 12988511 composite?
False
Is 108303631 a composite number?
False
Is 2384813 a prime number?
True
Is 76239379 composite?
False
Is 1143013 composite?
False
Is 648563 prime?
True
Is 22249213 composite?
True
Is 1032151 a prime number?
True
Is 2113339 prime?
False
Is 2816053 a composite number?
False
Is 34153863 a prime number?
False
Is 85995127 a prime number?
True
Is 30117067 a composite number?
False
Is 1957469 a prime number?
True
Is 12281693 prime?
True
Is 504857 prime?
True
Is 89664637 prime?
True
Is 152521867 a prime number?
False
Is 66162919 a composite number?
True
Is 133737 a prime number?
False
Is 7274951 composite?
False
Is 21760181 composite?
True
Is 13041751 a prime number?
False
Is 106775257 composite?
False
Is 372268474 prime?
False
Is 179547593 a prime number?
True
Is 106117151 prime?
False
Is 365527 a prime number?
True
Is 6522167 a composite number?
False
Is 12866837 prime?
False
Is 233702669 a composite number?
True
Is 5608373 a prime number?
False
Is 27013031 a composite number?
False
Is 81939569 a composite number?
False
Is 12541117 a composite number?
True
Is 100437641 a prime number?
False
Is 19216777 prime?
True
Is 1617079 a composite number?
False
Is 8215633 a composite number?
False
Is 153103 prime?
False
Is 354415141 prime?
True
Is 4249601 prime?
False
Is 40835381 composite?
True
Is 889871 a prime number?
True
Is 7334791 a composite number?
True
Is 1072883 a prime number?
False
Is 57107 a composite number?
False
Is 5361161 composite?
True
Is 284274203 a composite number?
False
Is 7997603 prime?
False
Is 333737 a prime number?
True
Is 65261645 composite?
True
Is 29520739 prime?
True
Is 392668013 prime?
False
Is 3948101 a prime number?
True
Is 1565167 prime?
True
Is 9624103 composite?
False
Is 32431109 a prime number?
True
Is 45233087 prime?
True
Is 22820021 a composite number?
True
Is 58939669 prime?
True
Is 269321 a prime number?
False
Is 6182453 composite?
True
Is 1268399 a composite number?
True
Is 5579801 a prime number?
True
Is 1664431 a prime number?
True
Is 292719133 a composite number?
True
Is 9169561 a prime number?
True
Is 271620887 a prime number?
True
Is 1764251 composite?
False
Is 10936517 prime?
True
Is 59084461 a composite number?
False
Is 2074983 a composite number?
True
Is 7412105 prime?
False
Is 167366713 composite?
False
Is 163767907 composite?
False
Is 14005567 composite?
False
Is 615661 a composite number?
False
Is 3832991 a composite number?
True
Is 283469 composite?
True
Is 79087 a prime number?
True
Is 10585153 a prime number?
False
Is 742657 a prime number?
True
Is 1446629 composite?
False
Is 129575557 a prime number?
False
Is 2242673 prime?
False
Is 2258903 composite?
False
Is 169422217 prime?
False
Is 26752801 composite?
True
Is 137261093 prime?
True
Is 7332547 a prime number?
False
Is 5284819 a composite number?
False
Is 48014845 composite?
True
Is 164821 prime?
True
Is 21546097 composite?
True
Is 38714171 a prime number?
True
Is 1448534 composite?
True
Is 1301189 prime?
False
Is 8909683 a prime number?
False
Is 114042347 composite?
True
Is 10762351 composite?
False
Is 7997261 composite?
True
Is 510930191 a prime number?
True
Is 305633 a composite number?
False
Is 1062491 composite?
True
Is 106008743 composite?
False
Is 2401207 prime?
True
Is 1197649581 prime?
False
Is 6877733 composite?
True
Is 3307237 prime?
False
Is 4379871 prime?
False
Is 15636029 composite?
True
Is 31726937 composite?
True
Is 70789333 a composite number?
False
Is 178632317 composite?
False
Is 14839743 composite?
True
Is 2066681 a prime number?
True
Is 1577843 prime?
True
Is 3057071 a composite number?
True
Is 21179 composite?
False
Is 1432243 prime?
True
Is 34475857 a composite number?
True
Is 27336313 prime?
False
Is 87955171 composite?
True
Is 3681781 prime?
True
Is 26842223 prime?
True
Is 7127239 a composite number?
True
Is 32626907 a prime number?
False
Is 1201831 prime?
False
Is 2418481 composite?
True
Is 4032829 a composite number?
True
Is 12180461 a composite number?
False
Is 88142491 a composite number?
False
Is 614177 prime?
True
Is 420406949 a composite number?
True
Is 8757263 a composite number?
False
Is 125521369 a prime number?
True
Is 39272513 a prime number?
False
Is 237507577 a prime number?
False
Is 151089163 a composite number?
False
Is 2169898 a composite number?
True
Is 67952471 a composite number?
False
Is 3610759 a composite number?
False
Is 40408957 composite?
True
Is 7363487 composite?
False
Is 131889707 composite?
True
Is 8883233 a composite number?
True
Is 1062870349 a prime number?
True
Is 1888358 a prime number?
False
Is 25416791 a composite number?
True
Is 8098683 a prime number?
False
Is 32041609 a prime number?
True
Is 240353699 a composite number?
True
Is 16583261 composite?
True
Is 1117757 prime?
True
Is 9100511 a prime number?
False
Is 63492577 prime?
True
Is 355180543 prime?
False
Is 264712759 prime?
True
Is 26377651 prime?
True
Is 813907 composite?
False
Is 1893617 prime?
False
Is 362741 composite?
False
Is 230431 a composite number?
False
Is 643778 a composite number?
True
Is 7754158 a prime number?
False
Is 538649 composite?
F